housands digit of 35034?
3
What is the units digit of 1035?
5
What is the thousands digit of 4399?
4
What is the thousands digit of 68449?
8
What is the units digit of 34179?
9
What is the hundreds digit of 669?
6
What is the units digit of 65500?
0
What is the units digit of 78105?
5
What is the thousands digit of 9332?
9
What is the tens digit of 16606?
0
What is the tens digit of 8491?
9
What is the hundreds digit of 4404?
4
What is the hundreds digit of 1720?
7
What is the tens digit of 1625?
2
What is the units digit of 26924?
4
What is the ten thousands digit of 26170?
2
What is the tens digit of 7437?
3
What is the tens digit of 600?
0
What is the tens digit of 4897?
9
What is the thousands digit of 5349?
5
What is the thousands digit of 23299?
3
What is the tens digit of 23121?
2
What is the units digit of 19041?
1
What is the units digit of 35225?
5
What is the tens digit of 567?
6
What is the units digit of 16353?
3
What is the hundreds digit of 944?
9
What is the units digit of 559?
9
What is the units digit of 13666?
6
What is the tens digit of 90768?
6
What is the hundred thousands digit of 145787?
1
What is the hundreds digit of 2763?
7
What is the hundreds digit of 97714?
7
What is the hundreds digit of 297?
2
What is the tens digit of 18340?
4
What is the hundred thousands digit of 104988?
1
What is the tens digit of 587?
8
What is the hundreds digit of 1409?
4
What is the tens digit of 12845?
4
What is the tens digit of 7732?
3
What is the ten thousands digit of 24518?
2
What is the thousands digit of 3608?
3
What is the thousands digit of 4214?
4
What is the units digit of 15324?
4
What is the tens digit of 11352?
5
What is the tens digit of 289?
8
What is the thousands digit of 3153?
3
What is the thousands digit of 95643?
5
What is the tens digit of 7380?
8
What is the units digit of 2248?
8
What is the hundreds digit of 38409?
4
What is the units digit of 5154?
4
What is the ten thousands digit of 13379?
1
What is the units digit of 278?
8
What is the thousands digit of 27893?
7
What is the hundreds digit of 28241?
2
What is the units digit of 164663?
3
What is the tens digit of 2373?
7
What is the thousands digit of 4773?
4
What is the tens digit of 36708?
0
What is the hundreds digit of 14018?
0
What is the units digit of 2383?
3
What is the thousands digit of 1215?
1
What is the ten thousands digit of 12167?
1
What is the units digit of 511?
1
What is the hundreds digit of 539?
5
What is the units digit of 31021?
1
What is the hundreds digit of 88264?
2
What is the hundreds digit of 2644?
6
What is the hundreds digit of 4565?
5
What is the units digit of 1508?
8
What is the units digit of 27457?
7
What is the thousands digit of 1717?
1
What is the units digit of 1133?
3
What is the tens digit of 67?
6
What is the hundreds digit of 1399?
3
What is the thousands digit of 2559?
2
What is the ten thousands digit of 24724?
2
What is the hundred thousands digit of 136768?
1
What is the thousands digit of 8080?
8
What is the tens digit of 400?
0
What is the units digit of 19499?
9
What is the tens digit of 467?
6
What is the tens digit of 67?
6
What is the units digit of 5146?
6
What is the units digit of 188?
8
What is the tens digit of 5069?
6
What is the units digit of 1558?
8
What is the tens digit of 20230?
3
What is the hundreds digit of 13218?
2
What is the thousands digit of 1319?
1
What is the units digit of 903?
3
What is the tens digit of 20071?
7
What is the tens digit of 2494?
9
What is the thousands digit of 21598?
1
What is the hundreds digit of 9621?
6
What is the hundreds digit of 1696?
6
What is the units digit of 12499?
9
What is the tens digit of 3586?
8
What is the units digit of 3157?
7
What is the hundreds digit of 68954?
9
What is the hundreds digit of 21260?
2
What is the units digit of 178?
8
What is the thousands digit of 1204?
1
What is the hundreds digit of 45085?
0
What is the hundreds digit of 3393?
3
What is the thousands digit of 13205?
3
What is the tens digit of 463?
6
What is the thousands digit of 2312?
2
What is the hundreds digit of 7667?
6
What is the hundreds digit of 978?
9
What is the hundreds digit of 12784?
7
What is the tens digit of 1758?
5
What is the tens digit of 59?
5
What is the units digit of 2671?
1
What is the hundreds digit of 50021?
0
What is the tens digit of 2234?
3
What is the units digit of 750?
0
What is the tens digit of 1428?
2
What is the hundreds digit of 22582?
5
What is the hundreds digit of 177?
1
What is the units digit of 3578?
8
What is the hundreds digit of 5205?
2
What is the thousands digit of 9462?
9
What is the thousands digit of 1763?
1
What is the hundreds digit of 8137?
1
What is the tens digit of 2494?
9
What is the thousands digit of 102216?
2
What is the tens digit of 22825?
2
What is the units digit of 32575?
5
What is the hundreds digit of 884?
8
What is the hundreds digit of 1486?
4
What is the units digit of 304?
4
What is the tens digit of 5465?
6
What is the tens digit of 2085?
8
What is the units digit of 6230?
0
What is the units digit of 6152?
2
What is the tens digit of 164159?
5
What is the units digit of 5053?
3
What is the units digit of 76078?
8
What is the ten thousands digit of 11575?
1
What is the thousands digit of 20877?
0
What is the hundreds digit of 9661?
6
What is the units digit of 50088?
8
What is the tens digit of 2132?
3
What is the units digit of 1660?
0
What is the hundreds digit of 965?
9
What is the tens digit of 168?
6
What is the thousands digit of 125088?
5
What is the tens digit of 641?
4
What is the ten thousands digit of 110107?
1
What is the ten thousands digit of 85693?
8
What is the hundreds digit of 287?
2
What is the units digit of 1448?
8
What is the hundreds digit of 2235?
2
What is the thousands digit of 42765?
2
What is the hundreds digit of 1366?
3
What is the hundreds digit of 572?
5
What is the thousands digit of 27487?
7
What is the tens digit of 11824?
2
What is the units digit of 2140?
0
What is the tens digit of 101036?
3
What is the ten thousands digit of 23524?
2
What is the ten thousands digit of 17051?
1
What is the hundreds digit of 110?
1
What is the tens digit of 10208?
0
What is the tens digit of 3296?
9
What is the hundreds digit of 2341?
3
What is the thousands digit of 3856?
3
What is the tens digit of 7245?
4
What is the units digit of 22217?
7
What is the ten thousands digit of 26228?
2
What is the units digit of 2352?
2
What is the units digit of 18129?
9
What is the hundreds digit of 632?
6
What is the units digit of 376?
6
What is the tens digit of 3599?
9
What is the tens digit of 30093?
9
What is the hundreds digit of 776?
7
What is the hundreds digit of 2078?
0
What is the tens digit of 26185?
8
What is the units digit of 1847?
7
What is the thousands digit of 1782?
1
What is the thousands digit of 145823?
5
What is the hundreds digit of 4883?
8
What is the ten thousands digit of 23112?
2
What is the hundreds digit of 127?
1
What is the hundreds digit of 2460?
4
What is the ten thousands digit of 30450?
3
What is the thousands digit of 17168?
7
What is the units digit of 10406?
6
What is the units digit of 608?
8
What is the units digit of 74?
4
What is the tens digit of 44016?
1
What is the ten thousands digit of 10759?
1
What is the units digit of 12777?
7
What is the thousands digit of 8562?
8
What is the ten thousands digit of 63299?
6
What is the units digit of 1667?
7
What is the thousands digit of 183413?
3
What is the tens digit of 648?
4
What is the ten thousands digit of 51954?
5
What is the hundreds digit of 6968?
9
What is the hundreds digit of 34792?
7
What is the hundreds digit of 439?
4
What is the units digit of 1199?
9
What is the units digit of 605?
5
What is the tens digit of 1461?
6
What is the hundreds digit of 498?
4
What is the thousands digit of 29195?
9
What is the hundreds digit of 946?
9
What is the tens digit of 41223?
2
What is the hundreds digit of 3691?
6
What is the units digit of 748?
8
What is the tens digit of 6997?
9
What is the ten thousands digit of 39122?
3
What is the tens digit of 185?
8
What is the units digit of 6522?
2
What is the thousands digit of 57854?
7
What is the tens digit of 8381?
8
What is the tens digit of 8808?
0
W